{"id":398,"date":"2024-04-30T19:29:08","date_gmt":"2024-04-30T22:29:08","guid":{"rendered":"https:\/\/alvoradadaserra.com.br\/chales\/?page_id=398"},"modified":"2024-05-02T15:42:21","modified_gmt":"2024-05-02T18:42:21","slug":"chale-amor-perfeito","status":"publish","type":"page","link":"https:\/\/alvoradadaserra.com.br\/chales\/chale-amor-perfeito\/","title":{"rendered":"Chal\u00e9 Amor Perfeito"},"content":{"rendered":"<p><img loading=\"lazy\" decoding=\"async\" class=\"aligncenter size-full wp-image-622\" src=\"https:\/\/alvoradadaserra.com.br\/chales\/wp-content\/uploads\/2024\/04\/CHALES_ALVORADA_SERRA.jpg\" alt=\"\" width=\"1360\" height=\"350\" srcset=\"https:\/\/alvoradadaserra.com.br\/chales\/wp-content\/uploads\/2024\/04\/CHALES_ALVORADA_SERRA.jpg 1360w, https:\/\/alvoradadaserra.com.br\/chales\/wp-content\/uploads\/2024\/04\/CHALES_ALVORADA_SERRA-300x77.jpg 300w, https:\/\/alvoradadaserra.com.br\/chales\/wp-content\/uploads\/2024\/04\/CHALES_ALVORADA_SERRA-1024x264.jpg 1024w, https:\/\/alvoradadaserra.com.br\/chales\/wp-content\/uploads\/2024\/04\/CHALES_ALVORADA_SERRA-768x198.jpg 768w\" sizes=\"(max-width: 1360px) 100vw, 1360px\" \/><\/p>\n\n\n<p class=\"has-text-align-center\">O Chal\u00e9 Amor Perfeito 02 (m\u00e1ster luxo) 35 metros quadrados, vista panor\u00e2mica para as montanhas, acomoda 02 pessoas, possui cama queen size, mesa com 2 cadeiras, lareira, TV 32, chuveiro a g\u00e1s, <strong>banheira de hidromassagem com cromoterapia<\/strong>, frigobar, banheiro com secador de cabelo . Delicioso caf\u00e9 da manh\u00e3 na cesta entregue no chal\u00e9 \u00e0s 08:30 ou retirada at\u00e9 \u00e0s 11:00, no alto da montanha com muita natureza.&#8221;<\/p>\n\n\n<p style=\"text-align: center;\"><div id=\"maxgallery-500\" class=\"mg-image-tiles borderless\">\t<div class=\"mg-thumbs mg-fivecol\">\t\t<ul><li>\t<a class='lightbox-500' href='https:\/\/alvoradadaserra.com.br\/chales\/wp-content\/uploads\/2024\/04\/amor_020.jpeg'  title='' aria-haspopup='dialog' data-lightbox-gallery='gallery-500' >\t\t<div class=\"\"><img class=\"mg_lazy\" data-src=\"https:\/\/alvoradadaserra.com.br\/chales\/wp-content\/uploads\/2024\/04\/amor_020-200x200.jpeg\" width=\"200\" height=\"200\" alt=\"\" title=\"amor_020\" \/><noscript><img loading=\"lazy\" decoding=\"async\" src=\"https:\/\/alvoradadaserra.com.br\/chales\/wp-content\/uploads\/2024\/04\/amor_020-200x200.jpeg\" width=\"200\" height=\"200\" alt=\"\" \/><\/noscript>\t\t<\/div>\t<\/a><\/li><li>\t<a class='lightbox-500' href='https:\/\/alvoradadaserra.com.br\/chales\/wp-content\/uploads\/2024\/04\/amor_019.jpeg'  title='' aria-haspopup='dialog' data-lightbox-gallery='gallery-500' >\t\t<div class=\"\"><img class=\"mg_lazy\" data-src=\"https:\/\/alvoradadaserra.com.br\/chales\/wp-content\/uploads\/2024\/04\/amor_019-200x200.jpeg\" width=\"200\" height=\"200\" alt=\"\" title=\"amor_019\" \/><noscript><img loading=\"lazy\" decoding=\"async\" src=\"https:\/\/alvoradadaserra.com.br\/chales\/wp-content\/uploads\/2024\/04\/amor_019-200x200.jpeg\" width=\"200\" height=\"200\" alt=\"\" \/><\/noscript>\t\t<\/div>\t<\/a><\/li><li>\t<a class='lightbox-500' href='https:\/\/alvoradadaserra.com.br\/chales\/wp-content\/uploads\/2024\/04\/amor_018.jpeg'  title='' aria-haspopup='dialog' data-lightbox-gallery='gallery-500' >\t\t<div class=\"\"><img class=\"mg_lazy\" data-src=\"https:\/\/alvoradadaserra.com.br\/chales\/wp-content\/uploads\/2024\/04\/amor_018-200x200.jpeg\" width=\"200\" height=\"200\" alt=\"\" title=\"amor_018\" \/><noscript><img loading=\"lazy\" decoding=\"async\" src=\"https:\/\/alvoradadaserra.com.br\/chales\/wp-content\/uploads\/2024\/04\/amor_018-200x200.jpeg\" width=\"200\" height=\"200\" alt=\"\" \/><\/noscript>\t\t<\/div>\t<\/a><\/li><li>\t<a class='lightbox-500' href='https:\/\/alvoradadaserra.com.br\/chales\/wp-content\/uploads\/2024\/04\/amor_017.jpeg'  title='' aria-haspopup='dialog' data-lightbox-gallery='gallery-500' >\t\t<div class=\"\"><img class=\"mg_lazy\" data-src=\"https:\/\/alvoradadaserra.com.br\/chales\/wp-content\/uploads\/2024\/04\/amor_017-200x200.jpeg\" width=\"200\" height=\"200\" alt=\"\" title=\"amor_017\" \/><noscript><img loading=\"lazy\" decoding=\"async\" src=\"https:\/\/alvoradadaserra.com.br\/chales\/wp-content\/uploads\/2024\/04\/amor_017-200x200.jpeg\" width=\"200\" height=\"200\" alt=\"\" \/><\/noscript>\t\t<\/div>\t<\/a><\/li><li>\t<a class='lightbox-500' href='https:\/\/alvoradadaserra.com.br\/chales\/wp-content\/uploads\/2024\/04\/amor_016.jpeg'  title='' aria-haspopup='dialog' data-lightbox-gallery='gallery-500' >\t\t<div class=\"\"><img class=\"mg_lazy\" data-src=\"https:\/\/alvoradadaserra.com.br\/chales\/wp-content\/uploads\/2024\/04\/amor_016-200x200.jpeg\" width=\"200\" height=\"200\" alt=\"\" title=\"amor_016\" \/><noscript><img loading=\"lazy\" decoding=\"async\" src=\"https:\/\/alvoradadaserra.com.br\/chales\/wp-content\/uploads\/2024\/04\/amor_016-200x200.jpeg\" width=\"200\" height=\"200\" alt=\"\" \/><\/noscript>\t\t<\/div>\t<\/a><\/li><li>\t<a class='lightbox-500' href='https:\/\/alvoradadaserra.com.br\/chales\/wp-content\/uploads\/2024\/04\/amor_015.jpeg'  title='' aria-haspopup='dialog' data-lightbox-gallery='gallery-500' >\t\t<div class=\"\"><img class=\"mg_lazy\" data-src=\"https:\/\/alvoradadaserra.com.br\/chales\/wp-content\/uploads\/2024\/04\/amor_015-200x200.jpeg\" width=\"200\" height=\"200\" alt=\"\" title=\"amor_015\" \/><noscript><img loading=\"lazy\" decoding=\"async\" src=\"https:\/\/alvoradadaserra.com.br\/chales\/wp-content\/uploads\/2024\/04\/amor_015-200x200.jpeg\" width=\"200\" height=\"200\" alt=\"\" \/><\/noscript>\t\t<\/div>\t<\/a><\/li><li>\t<a class='lightbox-500' href='https:\/\/alvoradadaserra.com.br\/chales\/wp-content\/uploads\/2024\/04\/amor_014.jpeg'  title='' aria-haspopup='dialog' data-lightbox-gallery='gallery-500' >\t\t<div class=\"\"><img class=\"mg_lazy\" data-src=\"https:\/\/alvoradadaserra.com.br\/chales\/wp-content\/uploads\/2024\/04\/amor_014-200x200.jpeg\" width=\"200\" height=\"200\" alt=\"\" title=\"amor_014\" \/><noscript><img loading=\"lazy\" decoding=\"async\" src=\"https:\/\/alvoradadaserra.com.br\/chales\/wp-content\/uploads\/2024\/04\/amor_014-200x200.jpeg\" width=\"200\" height=\"200\" alt=\"\" \/><\/noscript>\t\t<\/div>\t<\/a><\/li><li>\t<a class='lightbox-500' href='https:\/\/alvoradadaserra.com.br\/chales\/wp-content\/uploads\/2024\/04\/amor_013.jpeg'  title='' aria-haspopup='dialog' data-lightbox-gallery='gallery-500' >\t\t<div class=\"\"><img class=\"mg_lazy\" data-src=\"https:\/\/alvoradadaserra.com.br\/chales\/wp-content\/uploads\/2024\/04\/amor_013-200x200.jpeg\" width=\"200\" height=\"200\" alt=\"\" title=\"amor_013\" \/><noscript><img loading=\"lazy\" decoding=\"async\" src=\"https:\/\/alvoradadaserra.com.br\/chales\/wp-content\/uploads\/2024\/04\/amor_013-200x200.jpeg\" width=\"200\" height=\"200\" alt=\"\" \/><\/noscript>\t\t<\/div>\t<\/a><\/li><li>\t<a class='lightbox-500' href='https:\/\/alvoradadaserra.com.br\/chales\/wp-content\/uploads\/2024\/04\/amor_012.jpeg'  title='' aria-haspopup='dialog' data-lightbox-gallery='gallery-500' >\t\t<div class=\"\"><img class=\"mg_lazy\" data-src=\"https:\/\/alvoradadaserra.com.br\/chales\/wp-content\/uploads\/2024\/04\/amor_012-200x200.jpeg\" width=\"200\" height=\"200\" alt=\"\" title=\"amor_012\" \/><noscript><img loading=\"lazy\" decoding=\"async\" src=\"https:\/\/alvoradadaserra.com.br\/chales\/wp-content\/uploads\/2024\/04\/amor_012-200x200.jpeg\" width=\"200\" height=\"200\" alt=\"\" \/><\/noscript>\t\t<\/div>\t<\/a><\/li><li>\t<a class='lightbox-500' href='https:\/\/alvoradadaserra.com.br\/chales\/wp-content\/uploads\/2024\/04\/amor_011.jpeg'  title='' aria-haspopup='dialog' data-lightbox-gallery='gallery-500' >\t\t<div class=\"\"><img class=\"mg_lazy\" data-src=\"https:\/\/alvoradadaserra.com.br\/chales\/wp-content\/uploads\/2024\/04\/amor_011-200x200.jpeg\" width=\"200\" height=\"200\" alt=\"\" title=\"amor_011\" \/><noscript><img loading=\"lazy\" decoding=\"async\" src=\"https:\/\/alvoradadaserra.com.br\/chales\/wp-content\/uploads\/2024\/04\/amor_011-200x200.jpeg\" width=\"200\" height=\"200\" alt=\"\" \/><\/noscript>\t\t<\/div>\t<\/a><\/li><li>\t<a class='lightbox-500' href='https:\/\/alvoradadaserra.com.br\/chales\/wp-content\/uploads\/2024\/04\/amor_010.jpeg'  title='' aria-haspopup='dialog' data-lightbox-gallery='gallery-500' >\t\t<div class=\"\"><img class=\"mg_lazy\" data-src=\"https:\/\/alvoradadaserra.com.br\/chales\/wp-content\/uploads\/2024\/04\/amor_010-200x200.jpeg\" width=\"200\" height=\"200\" alt=\"\" title=\"amor_010\" \/><noscript><img loading=\"lazy\" decoding=\"async\" src=\"https:\/\/alvoradadaserra.com.br\/chales\/wp-content\/uploads\/2024\/04\/amor_010-200x200.jpeg\" width=\"200\" height=\"200\" alt=\"\" \/><\/noscript>\t\t<\/div>\t<\/a><\/li><li>\t<a class='lightbox-500' href='https:\/\/alvoradadaserra.com.br\/chales\/wp-content\/uploads\/2024\/04\/amor_09.jpeg'  title='' aria-haspopup='dialog' data-lightbox-gallery='gallery-500' >\t\t<div class=\"\"><img class=\"mg_lazy\" data-src=\"https:\/\/alvoradadaserra.com.br\/chales\/wp-content\/uploads\/2024\/04\/amor_09-200x200.jpeg\" width=\"200\" height=\"200\" alt=\"\" title=\"amor_09\" \/><noscript><img loading=\"lazy\" decoding=\"async\" src=\"https:\/\/alvoradadaserra.com.br\/chales\/wp-content\/uploads\/2024\/04\/amor_09-200x200.jpeg\" width=\"200\" height=\"200\" alt=\"\" \/><\/noscript>\t\t<\/div>\t<\/a><\/li><li>\t<a class='lightbox-500' href='https:\/\/alvoradadaserra.com.br\/chales\/wp-content\/uploads\/2024\/04\/amor_08.jpeg'  title='' aria-haspopup='dialog' data-lightbox-gallery='gallery-500' >\t\t<div class=\"\"><img class=\"mg_lazy\" data-src=\"https:\/\/alvoradadaserra.com.br\/chales\/wp-content\/uploads\/2024\/04\/amor_08-200x200.jpeg\" width=\"200\" height=\"200\" alt=\"\" title=\"amor_08\" \/><noscript><img loading=\"lazy\" decoding=\"async\" src=\"https:\/\/alvoradadaserra.com.br\/chales\/wp-content\/uploads\/2024\/04\/amor_08-200x200.jpeg\" width=\"200\" height=\"200\" alt=\"\" \/><\/noscript>\t\t<\/div>\t<\/a><\/li><li>\t<a class='lightbox-500' href='https:\/\/alvoradadaserra.com.br\/chales\/wp-content\/uploads\/2024\/04\/amor_07.jpeg'  title='' aria-haspopup='dialog' data-lightbox-gallery='gallery-500' >\t\t<div class=\"\"><img class=\"mg_lazy\" data-src=\"https:\/\/alvoradadaserra.com.br\/chales\/wp-content\/uploads\/2024\/04\/amor_07-200x200.jpeg\" width=\"200\" height=\"200\" alt=\"\" title=\"amor_07\" \/><noscript><img loading=\"lazy\" decoding=\"async\" src=\"https:\/\/alvoradadaserra.com.br\/chales\/wp-content\/uploads\/2024\/04\/amor_07-200x200.jpeg\" width=\"200\" height=\"200\" alt=\"\" \/><\/noscript>\t\t<\/div>\t<\/a><\/li><li>\t<a class='lightbox-500' href='https:\/\/alvoradadaserra.com.br\/chales\/wp-content\/uploads\/2024\/04\/amor_06.jpeg'  title='' aria-haspopup='dialog' data-lightbox-gallery='gallery-500' >\t\t<div class=\"\"><img class=\"mg_lazy\" data-src=\"https:\/\/alvoradadaserra.com.br\/chales\/wp-content\/uploads\/2024\/04\/amor_06-200x200.jpeg\" width=\"200\" height=\"200\" alt=\"\" title=\"amor_06\" \/><noscript><img loading=\"lazy\" decoding=\"async\" src=\"https:\/\/alvoradadaserra.com.br\/chales\/wp-content\/uploads\/2024\/04\/amor_06-200x200.jpeg\" width=\"200\" height=\"200\" alt=\"\" \/><\/noscript>\t\t<\/div>\t<\/a><\/li><li>\t<a class='lightbox-500' href='https:\/\/alvoradadaserra.com.br\/chales\/wp-content\/uploads\/2024\/04\/amor_04.jpeg'  title='' aria-haspopup='dialog' data-lightbox-gallery='gallery-500' >\t\t<div class=\"\"><img class=\"mg_lazy\" data-src=\"https:\/\/alvoradadaserra.com.br\/chales\/wp-content\/uploads\/2024\/04\/amor_04-200x200.jpeg\" width=\"200\" height=\"200\" alt=\"\" title=\"amor_04\" \/><noscript><img loading=\"lazy\" decoding=\"async\" src=\"https:\/\/alvoradadaserra.com.br\/chales\/wp-content\/uploads\/2024\/04\/amor_04-200x200.jpeg\" width=\"200\" height=\"200\" alt=\"\" \/><\/noscript>\t\t<\/div>\t<\/a><\/li><li>\t<a class='lightbox-500' href='https:\/\/alvoradadaserra.com.br\/chales\/wp-content\/uploads\/2024\/04\/amor_03.jpeg'  title='' aria-haspopup='dialog' data-lightbox-gallery='gallery-500' >\t\t<div class=\"\"><img class=\"mg_lazy\" data-src=\"https:\/\/alvoradadaserra.com.br\/chales\/wp-content\/uploads\/2024\/04\/amor_03-200x200.jpeg\" width=\"200\" height=\"200\" alt=\"\" title=\"amor_03\" \/><noscript><img loading=\"lazy\" decoding=\"async\" src=\"https:\/\/alvoradadaserra.com.br\/chales\/wp-content\/uploads\/2024\/04\/amor_03-200x200.jpeg\" width=\"200\" height=\"200\" alt=\"\" \/><\/noscript>\t\t<\/div>\t<\/a><\/li><li>\t<a class='lightbox-500' href='https:\/\/alvoradadaserra.com.br\/chales\/wp-content\/uploads\/2024\/04\/amor_02.jpeg'  title='' aria-haspopup='dialog' data-lightbox-gallery='gallery-500' >\t\t<div class=\"\"><img class=\"mg_lazy\" data-src=\"https:\/\/alvoradadaserra.com.br\/chales\/wp-content\/uploads\/2024\/04\/amor_02-200x200.jpeg\" width=\"200\" height=\"200\" alt=\"\" title=\"amor_02\" \/><noscript><img loading=\"lazy\" decoding=\"async\" src=\"https:\/\/alvoradadaserra.com.br\/chales\/wp-content\/uploads\/2024\/04\/amor_02-200x200.jpeg\" width=\"200\" height=\"200\" alt=\"\" \/><\/noscript>\t\t<\/div>\t<\/a><\/li><li>\t<a class='lightbox-500' href='https:\/\/alvoradadaserra.com.br\/chales\/wp-content\/uploads\/2024\/04\/amor_01.jpeg'  title='' aria-haspopup='dialog' data-lightbox-gallery='gallery-500' >\t\t<div class=\"\"><img class=\"mg_lazy\" data-src=\"https:\/\/alvoradadaserra.com.br\/chales\/wp-content\/uploads\/2024\/04\/amor_01-200x200.jpeg\" width=\"200\" height=\"200\" alt=\"\" title=\"amor_01\" \/><noscript><img loading=\"lazy\" decoding=\"async\" src=\"https:\/\/alvoradadaserra.com.br\/chales\/wp-content\/uploads\/2024\/04\/amor_01-200x200.jpeg\" width=\"200\" height=\"200\" alt=\"\" \/><\/noscript>\t\t<\/div>\t<\/a><\/li>\t\t<\/ul>\t\t<div class=\"clear\"><\/div>\t<\/div>\t<span style=\"display: none;\" class=\"hidden-image-tiles-gallery-id\">500<\/span>\t<span style=\"display: none;\" class=\"hidden-lightbox-skin\">none<\/span>\t<span style=\"display: none;\" class=\"hidden-lightbox-effect\">none<\/span>\t<span style=\"display: none;\" class=\"hidden-lightbox-kb-nav\">true<\/span>\t<span style=\"display: none;\" class=\"hidden-lightbox-img-click-close\">true<\/span>\t<span style=\"display: none;\" class=\"hidden-lightbox-ol-click-close\">true<\/span>\t<span style=\"display: none;\" class=\"hidden-lightbox-close-tip-text\">Close<\/span>\t<span style=\"display: none;\" class=\"hidden-lightbox-next-tip-text\">Next<\/span>\t<span style=\"display: none;\" class=\"hidden-lightbox-prev-tip-text\">Previous<\/span>\t<span style=\"display: none;\" class=\"hidden-lightbox-error-tip-text\">The requested content cannot be loaded. Please try again later.<\/span><\/div><script>\ndocument.addEventListener(\"DOMContentLoaded\", function(event) { \njQuery(\"img.mg_lazy\").lazyload({threshold : 1});\n});\n<\/script>\n<\/p>\n\n\n<div class=\"wp-block-buttons is-layout-flex wp-block-buttons-is-layout-flex\">\n<div class=\"wp-block-button is-style-fill\"><a class=\"wp-block-button__link has-black-color has-text-color has-background wp-element-button\" href=\"https:\/\/alvoradadaserra.com.br\/chales\/fale-conosco\/\" style=\"background:linear-gradient(135deg,rgb(229,122,6) 0%,rgb(224,212,82) 100%)\">Reserve Agora<\/a><\/div>\n<\/div>\n","protected":false},"excerpt":{"rendered":"<p>O Chal\u00e9 Amor Perfeito 02 (m\u00e1ster luxo) 35 metros quadrados, vista panor\u00e2mica para as montanhas, acomoda 02 pessoas, possui cama queen size, mesa com 2 cadeiras, lareira, TV 32, chuveiro a g\u00e1s, banheira de hidromassagem com cromoterapia, frigobar, banheiro com secador de cabelo . Delicioso caf\u00e9 da manh\u00e3 na cesta [&hellip;]<\/p>\n","protected":false},"author":1,"featured_media":0,"parent":0,"menu_order":0,"comment_status":"closed","ping_status":"closed","template":"","meta":{"footnotes":""},"_links":{"self":[{"href":"https:\/\/alvoradadaserra.com.br\/chales\/wp-json\/wp\/v2\/pages\/398"}],"collection":[{"href":"https:\/\/alvoradadaserra.com.br\/chales\/wp-json\/wp\/v2\/pages"}],"about":[{"href":"https:\/\/alvoradadaserra.com.br\/chales\/wp-json\/wp\/v2\/types\/page"}],"author":[{"embeddable":true,"href":"https:\/\/alvoradadaserra.com.br\/chales\/wp-json\/wp\/v2\/users\/1"}],"replies":[{"embeddable":true,"href":"https:\/\/alvoradadaserra.com.br\/chales\/wp-json\/wp\/v2\/comments?post=398"}],"version-history":[{"count":6,"href":"https:\/\/alvoradadaserra.com.br\/chales\/wp-json\/wp\/v2\/pages\/398\/revisions"}],"predecessor-version":[{"id":638,"href":"https:\/\/alvoradadaserra.com.br\/chales\/wp-json\/wp\/v2\/pages\/398\/revisions\/638"}],"wp:attachment":[{"href":"https:\/\/alvoradadaserra.com.br\/chales\/wp-json\/wp\/v2\/media?parent=398"}],"curies":[{"name":"wp","href":"https:\/\/api.w.org\/{rel}","templated":true}]}}