{"id":10,"date":"2020-11-10T23:09:51","date_gmt":"2020-11-11T02:09:51","guid":{"rendered":"https:\/\/alvoradadaserra.com.br\/chales\/?page_id=10"},"modified":"2024-04-30T20:55:20","modified_gmt":"2024-04-30T23:55:20","slug":"conheca-os-chales","status":"publish","type":"page","link":"https:\/\/alvoradadaserra.com.br\/chales\/conheca-os-chales\/","title":{"rendered":"Conhe\u00e7a os Chal\u00e9s"},"content":{"rendered":"\n<p class=\"has-text-align-center\"><strong>Conhe\u00e7a nossos chal\u00e9s. Estamos em um dos locais mais belos da Encantadora Santo Ant\u00f4nio do Pinhal. Venha passar momentos inesquec\u00edves no meio da Serra da Mantiqueira a 1.300 mt de altitude. Garanta j\u00e1 sua reserva. Chal\u00e9s amplos e confort\u00e1veis com vista.<\/strong><\/p>\n\n\n\n<figure class=\"wp-block-table aligncenter\"><table><tbody><tr><td><a href=\"https:\/\/alvoradadaserra.com.br\/chales\/chale-02\/\"><img loading=\"lazy\" decoding=\"async\" width=\"400\" height=\"184\" class=\"wp-image-595\" style=\"width: 400px;\" src=\"https:\/\/alvoradadaserra.com.br\/chales\/wp-content\/uploads\/2024\/04\/AMARILIS_B.jpg\" alt=\"\" srcset=\"https:\/\/alvoradadaserra.com.br\/chales\/wp-content\/uploads\/2024\/04\/AMARILIS_B.jpg 400w, https:\/\/alvoradadaserra.com.br\/chales\/wp-content\/uploads\/2024\/04\/AMARILIS_B-300x138.jpg 300w\" sizes=\"(max-width: 400px) 100vw, 400px\" \/><\/a><\/td><td><a href=\"https:\/\/alvoradadaserra.com.br\/chales\/chale-araucaria\/\"><img loading=\"lazy\" decoding=\"async\" width=\"400\" height=\"184\" class=\"wp-image-598\" style=\"width: 400px;\" src=\"https:\/\/alvoradadaserra.com.br\/chales\/wp-content\/uploads\/2024\/04\/ARAUCARIA.jpg\" alt=\"\" srcset=\"https:\/\/alvoradadaserra.com.br\/chales\/wp-content\/uploads\/2024\/04\/ARAUCARIA.jpg 400w, https:\/\/alvoradadaserra.com.br\/chales\/wp-content\/uploads\/2024\/04\/ARAUCARIA-300x138.jpg 300w\" sizes=\"(max-width: 400px) 100vw, 400px\" \/><\/a><\/td><\/tr><tr><td><a href=\"https:\/\/alvoradadaserra.com.br\/chales\/chale-amor-perfeito\/\" data-type=\"page\" data-id=\"398\"><img loading=\"lazy\" decoding=\"async\" width=\"400\" height=\"184\" class=\"wp-image-597\" style=\"width: 400px;\" src=\"https:\/\/alvoradadaserra.com.br\/chales\/wp-content\/uploads\/2024\/04\/AMOR_PERFEITO.jpg\" alt=\"\" srcset=\"https:\/\/alvoradadaserra.com.br\/chales\/wp-content\/uploads\/2024\/04\/AMOR_PERFEITO.jpg 400w, https:\/\/alvoradadaserra.com.br\/chales\/wp-content\/uploads\/2024\/04\/AMOR_PERFEITO-300x138.jpg 300w\" sizes=\"(max-width: 400px) 100vw, 400px\" \/><\/a><\/td><td><a href=\"https:\/\/alvoradadaserra.com.br\/chales\/chale-cerejeira\/\" data-type=\"page\" data-id=\"405\"><img loading=\"lazy\" decoding=\"async\" width=\"400\" height=\"184\" class=\"wp-image-600\" style=\"width: 400px;\" src=\"https:\/\/alvoradadaserra.com.br\/chales\/wp-content\/uploads\/2024\/04\/CEREJEIRA_C.jpg\" alt=\"\" srcset=\"https:\/\/alvoradadaserra.com.br\/chales\/wp-content\/uploads\/2024\/04\/CEREJEIRA_C.jpg 400w, https:\/\/alvoradadaserra.com.br\/chales\/wp-content\/uploads\/2024\/04\/CEREJEIRA_C-300x138.jpg 300w\" sizes=\"(max-width: 400px) 100vw, 400px\" \/><\/a><\/td><\/tr><tr><td><a href=\"https:\/\/alvoradadaserra.com.br\/chales\/chale-01\/\" data-type=\"page\" data-id=\"96\"><img loading=\"lazy\" decoding=\"async\" width=\"400\" height=\"184\" class=\"wp-image-601\" style=\"width: 400px;\" src=\"https:\/\/alvoradadaserra.com.br\/chales\/wp-content\/uploads\/2024\/04\/GIRASOL_B.jpg\" alt=\"\" srcset=\"https:\/\/alvoradadaserra.com.br\/chales\/wp-content\/uploads\/2024\/04\/GIRASOL_B.jpg 400w, https:\/\/alvoradadaserra.com.br\/chales\/wp-content\/uploads\/2024\/04\/GIRASOL_B-300x138.jpg 300w\" sizes=\"(max-width: 400px) 100vw, 400px\" \/><\/a><\/td><td><\/td><\/tr><\/tbody><\/table><\/figure>\n","protected":false},"excerpt":{"rendered":"<p>Conhe\u00e7a nossos chal\u00e9s. Estamos em um dos locais mais belos da Encantadora Santo Ant\u00f4nio do Pinhal. Venha passar momentos inesquec\u00edves no meio da Serra da Mantiqueira a 1.300 mt de altitude. Garanta j\u00e1 sua reserva. Chal\u00e9s amplos e confort\u00e1veis com vista.<\/p>\n","protected":false},"author":1,"featured_media":0,"parent":0,"menu_order":0,"comment_status":"closed","ping_status":"closed","template":"","meta":{"footnotes":""},"_links":{"self":[{"href":"https:\/\/alvoradadaserra.com.br\/chales\/wp-json\/wp\/v2\/pages\/10"}],"collection":[{"href":"https:\/\/alvoradadaserra.com.br\/chales\/wp-json\/wp\/v2\/pages"}],"about":[{"href":"https:\/\/alvoradadaserra.com.br\/chales\/wp-json\/wp\/v2\/types\/page"}],"author":[{"embeddable":true,"href":"https:\/\/alvoradadaserra.com.br\/chales\/wp-json\/wp\/v2\/users\/1"}],"replies":[{"embeddable":true,"href":"https:\/\/alvoradadaserra.com.br\/chales\/wp-json\/wp\/v2\/comments?post=10"}],"version-history":[{"count":11,"href":"https:\/\/alvoradadaserra.com.br\/chales\/wp-json\/wp\/v2\/pages\/10\/revisions"}],"predecessor-version":[{"id":619,"href":"https:\/\/alvoradadaserra.com.br\/chales\/wp-json\/wp\/v2\/pages\/10\/revisions\/619"}],"wp:attachment":[{"href":"https:\/\/alvoradadaserra.com.br\/chales\/wp-json\/wp\/v2\/media?parent=10"}],"curies":[{"name":"wp","href":"https:\/\/api.w.org\/{rel}","templated":true}]}}